 o(t) = -t**2 + 10*t - 20. Let h be o(5). Suppose -h*j - 9569 = -12*j. Is j a composite number?
False
Suppose -182 = 3*u - 1868. Suppose -l - 148 = g - 6*l, -4*g + 5*l = u. Let c = g + 405. Is c composite?
True
Let g(x) = 727*x + 24. Let a(v) = -728*v - 21. Let t(s) = -7*a(s) - 6*g(s). Is t(4) prime?
True
Suppose 161*f - 141370 = -5*y + 158*f, y - 4*f - 28297 = 0. Is y prime?
True
Let x be 4 + 0 + -1 + (-3 - -1). Suppose -2*u + 5 = -5. Suppose -4*g = -u*g + x, -l - 5*g + 2022 = 0. Is l prime?
True
Let p(t) = -9*t + 16. Let v be p(4). Let c be (v/(-15))/(2/(-6)). Is (3263/52)/((-1)/c) a prime number?
True
Suppose 0 = 5*m + 5*c + 100, -5*m + 0*c - 73 = -4*c. Let h = m + 17. Suppose 5*q - 3*q - 1162 = h. Is q prime?
False
Let o(k) = -k**3 - 5*k**2 - 2. Let m be o(-5). Is (-3597 + 10)/(2/m) prime?
False
Let v(x) = 7*x - 343. Let k be v(53). Is (k/224)/(2/10768) prime?
True
Let y = 174823 + -62778. Is y a prime number?
False
Let t(o) = -5*o - 60. Let c be t(11). Let h = -113 - c. Suppose 2*d - a = -0*a + 11759, -5*d - h*a = -29393. Is d composite?
False
Is (536036/(-435))/((-6)/45) a composite number?
True
Suppose v - 90*s = -89*s + 58532, 5*s = -5*v + 292710. Is v prime?
True
Suppose 72*j + 1559236 = 55*j + 45*j. Is j prime?
False
Suppose 5*u + r + 87 = u, 105 = -5*u - 5*r. Let y = u + 28. Suppose y*k - 10392 + 2838 = 0. Is k composite?
False
Let b = -73735 + 126872. Is b a prime number?
False
Suppose 17*b = 68, 182733 = l + 10*b - 14*b. Is l a prime number?
False
Suppose 9*w - 234107 = 9*w - 17*w. Is w composite?
True
Let g be (3/(-2))/((-21)/28). Let c(w) = 38*w - 4. Let h be c(2). Suppose -210 = -g*o + h. Is o a prime number?
False
Let r(v) = 9*v - 1. Let n be r(2). Let l(h) = 214*h - n + 9 + 7. Is l(1) composite?
True
Suppose 0 = 4*r - 3*j - 29893, 8*r + 8*j = 3*r + 37425. Is r a prime number?
True
Let l = 16416 + -8804. Let w = l - 5135. Is w prime?
True
Let n(v) be the first derivative of 2221*v**6/360 + v**5/60 + v**4/12 - 31*v**3/3 + 1. Let o(z) be the third derivative of n(z). Is o(-1) prime?
True
Let k(u) = 10*u - 9. Let p be k(0). Is p*((-18845)/15)/1 prime?
False
Let o(n) = 34*n**2 + 18*n + 1. Let s(m) = -3*m**3 + m**2 + 6*m - 2. Let g be s(2). Is o(g) prime?
True
Let z(q) = 416*q + 1367303. Is z(0) a prime number?
False
Let q(r) = 1251*r**2 + 2*r - 8. Let y be -2 - (39/(-9) + (-2)/(-6)). Let n be q(y). Suppose 0 = p - 2499 - n. Is p a prime number?
True
Is (1 - (-4 - -17742) - 10)/(-1 + 0) prime?
True
Suppose 121135 = 14*p - 7*p. Suppose 5*d = 3*k - 14957, 3*k + 2384 = -4*d + p. Suppose t = -0*t + x + 4959, -4*x + k = t. Is t a prime number?
False
Let k = 80 - 48. Let h(u) = -19*u + 69*u + k*u - 3. Is h(2) a prime number?
False
Suppose 3*z = -13*q + 120015, 0 = 2*z + 3*q - 2*q - 80056. Is z prime?
True
Let j be 8 + -3 + 1 - 1. Suppose y = -j*r + 23567, -3*r = -y - 692 - 13445. Is r composite?
True
Let p be ((-375516)/(-42))/(-6) - (-1)/7. Let t = p - -7737. Is t prime?
True
Let h = -14 - -16. Suppose 0 = 2*r, -n - h*r + 1956 = 3*n. Suppose n = 3*m - 0*m. Is m composite?
False
Is (-168 - -161)/((-7)/327401) composite?
False
Let h(p) be the second derivative of 41*p**5/20 - p**4/12 - p**3/2 + 7*p**2/2 + 6*p. Is h(4) prime?
False
Let i(b) be the third derivative of 89*b**7/28 - b**5/120 + b**4/12 + 8*b**3/3 + 13*b**2. Let y(g) be the first derivative of i(g). Is y(1) prime?
True
Let o(k) be the first derivative of 4741*k**4/4 + k**3/3 + 5*k**2/2 - 5*k + 52. Is o(1) composite?
True
Let w(i) = 276*i**3 + 2*i + 1. Let g be w(-1). Let y = g - -394. Suppose -2*d + y = -385. Is d prime?
True
Let j(k) = -273*k**3 + 5*k**2 + 5*k. Let y be j(-1). Let q = 770 - y. Is q composite?
True
Let v be -3 + (5 - (-12)/(-4)). Let a be -1*(0 + v - 2). Suppose 5*z - 4402 = -a*l - 986, 0 = 5*l + z - 5686. Is l composite?
True
Let f = 8949429 + -5119894. Is f composite?
True
Let n = 110 - 106. Suppose u + n*v = 2*u - 535, -u - 5*v + 499 = 0. Is u a composite number?
True
Suppose -10*y + 233904 = -225546. Let o = -26662 + y. Is o composite?
True
Let r be 42/(-4) + (-18)/36. Is (88/r - 10428)*(-1)/4 composite?
False
Suppose 4*f = -3*x + 17905, 3*x - 112*f + 117*f - 17903 = 0. Is x a composite number?
True
Let n = 540 - 540. Suppose 2*g = -36*u + 38*u - 20074, n = -5*g. Is u a composite number?
False
Let l(f) = -6*f**3 - 16*f**2 + 16*f + 160. Let a(s) = -2*s**3 - 6*s**2 + 5*s + 53. Let r(i) = 7*a(i) - 2*l(i). Is r(-7) prime?
False
Suppose 2*o + 91924 = 5*a, -4*a - a + 183828 = -4*o. Let v = -23051 - o. Is v composite?
False
Let z = -2095 + 5095. Suppose -5*v = -3*v - 2, -n - 5*v = -z. Is n a composite number?
True
Let q = 458 + -680. Let h = q + 281. Is h a composite number?
False
Let m(s) = -324*s**3 + 3*s**2 + 5*s - 6. Let x be m(-4). Suppose 15*f = 33587 + x. Is f a composite number?
False
Let x = 329958 - 172099. Is x a prime number?
False
Let q be (-4)/(1 - (-12)/(-8)). Let c be q/(-52) + 160/26. Is ((-2)/c)/((-1)/159) composite?
False
Suppose -8*k + 4*k = 12. Let d be (-3)/((-2 - k)*-1). Suppose -3*t + 113 = i, i + d*i - 148 = -4*t. Is t a composite number?
True
Let x = 356 - 354. Suppose 3*t + 4*z - 6533 = 0, 0 = x*t + z - 3224 - 1133. Is t a composite number?
False
Let l = -160 - -234. Is (6007/(-2))/((-37)/l) composite?
False
Is 4 + ((-358701)/(-14))/(20/(-8) - -3) a composite number?
True
Let o(w) = -5687*w**2 + 4*w - 5. Let l(a) = 17061*a**2 - 11*a + 15. Let u(z) = 6*l(z) + 17*o(z). Is u(2) a prime number?
False
Let p(r) = -r + 1. Let h(t) = t**3 + 17*t**2 + 11*t - 14. Let g(f) = -h(f) + 5*p(f). Let d = 114 + -132. Is g(d) composite?
False
Suppose 4*y + 10 = 5*r, 3*r - 2*y - 3 = 5. Let o be r*3/45*(4 - -1). Suppose -2*s - o*k = 2*s - 7356, -s + 1849 = -2*k. Is s a prime number?
False
Suppose 5*t - 16 = 4*w - 5*w, -3*w - 4*t = -15. Is (1359 - (-1)/(5/(-10)))/w composite?
True
Suppose 5*g + 4*g = 315. Let k(m) = g*m + 65*m + 17 - 54. Is k(8) prime?
False
Suppose 6*f - 712499 - 285540 = 175087. Is f a prime number?
False
Suppose 2*r - 1 = 3, 3*r = -2*w. Let t(f) = -662*f**3 + 4*f**2 - f - 8. Is t(w) prime?
False
Suppose 0 = 440*g - 444*g + 5*y + 18504, -y = 3*g - 13859. Is g composite?
False
Suppose -15*d + 10*d = 2*r - 15, 5*d - 15 = 5*r. Suppose o = 3*k + d*o - 3261, -5*k = 4*o - 5435. Is k composite?
False
Let b(s) be the first derivative of 61*s**3/3 + s**2/2 - 19*s - 20. Is b(5) composite?
False
Let o(i) = 3*i**2 - 75*i - 344. Let w(s) = s**2 - 38*s - 173. Let p(z) = -2*o(z) + 5*w(z). Is p(-20) composite?
False
Let r(w) = w**2 - 7*w - 27. Let v be r(10). Suppose 3*h = 3*p - 3267, -v*p - h + 3532 = 245. Is p composite?
True
Suppose -3*v = 2*p - 7, 5*p - v - 4*v - 30 = 0. Suppose 0 = p*a + 3*d - 10 - 2, d - 4 = -3*a. Suppose 0 = -3*c + 15, -5*s + 4*s + 3*c + 319 = a. Is s prime?
False
Let z(i) = -4*i + 60. Let y(n) = n**3 - 2*n**2 + 4*n - 6. Let p be y(3). Let x be z(p). Suppose x = 6*b + 3*b - 711. Is b composite?
False
Let w be (-6*8/10)/((-10)/225). Let m be 2/(-8) + 84591/w. Suppose 4*s - m = 2405. Is s composite?
False
Suppose 94*y - 91*y - 978 = 0. Is (51/6 - 3)/(1/y) a composite number?
True
Let i be (-12 - -13) + (-76 + 2)*-15. Suppose 0 = -u - i + 7034. Is u a prime number?
True
Let s(k) = -k**2 + 3*k. Let l be s(1). Suppose -228 = -l*o - 2*t, -6*o - 4*t + 238 = -4*o. Is o prime?
True
Suppose 4*o - 13408 = 2*h, -4*h = -7*h. Let c = o - 2038. Let y = c + -427. Is y composite?
False
Let s(i) = 19*i**2 + 2*i + 31. Let t(x) = 8*x**2 - x - 1. Let h(d) = s(d) - 2*t(d). Let o be -13 + (4/(-2))/2. Is h(o) composite?
True
Suppose -7*i - 15814 = -64660. Is 1/(6984/i - 1) a prime number?
True
Suppose 0 = -63*o - 938612 + 5550275. Is o a composite number?
True
Let s(l) = 13*l**3 - 9*l**2 + 59*l + 53. Is s(14) prime?
False
Let m = 1025282 - 299247. Is m a prime number?
False
Suppose -5421554 - 1352449 = -21*j - 6*j. Is j a composite number?
False
Let g be (-7)/(84/(-3)) + 21/12. Suppose 0 = 2*w + g*w - 4*v - 37044, 2*w = -3*v + 18502. Is w composite?
False
Suppose 0 = -4*l + 2*r + 94538, -2*r - 118170 = -5*l + r. Suppose 91337 = -10*f + l. Is (f/(-4) - (-1 + -1))*2 a composite number?
False
Suppose -5*s + 2*g - 24 - 12 = 0, -5*s - 2*g = 24. Let l(o) = -22*o**3 + 6*o**2 - 8*o + 1. Is l(s) a composite number?
True
Is (168/(-26))/14 + (-224780105)/(-65) a